{"id":1578,"date":"2022-06-02T14:53:01","date_gmt":"2022-06-02T14:53:01","guid":{"rendered":"http:\/\/dummy.xtemos.com\/woodmart2\/megamarket\/?post_type=product&#038;p=1578"},"modified":"2023-03-30T00:42:21","modified_gmt":"2023-03-29T22:42:21","slug":"exhterm-warm-floor","status":"publish","type":"product","link":"https:\/\/outistore.pro\/?product=exhterm-warm-floor","title":{"rendered":"Valise de maintenance 145 outils Expert by Facom"},"content":{"rendered":"<section class=\"wpb-content-wrapper\"><p>[vc_row css=&#8221;.vc_custom_1649854670297{margin-bottom: 60px !important;}&#8221; woodmart_css_id=&#8221;6256c8c7625ae&#8221; responsive_spacing=&#8221;eyJwYXJhbV90eXBlIjoid29vZG1hcnRfcmVzcG9uc2l2ZV9zcGFjaW5nIiwic2VsZWN0b3JfaWQiOiI2MjU2YzhjNzYyNWFlIiwic2hvcnRjb2RlIjoidmNfcm93IiwiZGF0YSI6eyJ0YWJsZXQiOnsibWFyZ2luLWJvdHRvbSI6IjQwIn0sIm1vYmlsZSI6e319fQ==&#8221; mobile_bg_img_hidden=&#8221;no&#8221; tablet_bg_img_hidden=&#8221;no&#8221; woodmart_parallax=&#8221;0&#8243; woodmart_gradient_switch=&#8221;no&#8221; woodmart_box_shadow=&#8221;no&#8221; wd_z_index=&#8221;no&#8221; woodmart_disable_overflow=&#8221;0&#8243; row_reverse_mobile=&#8221;0&#8243; row_reverse_tablet=&#8221;0&#8243;][vc_column offset=&#8221;vc_col-lg-7&#8243; woodmart_css_id=&#8221;6256cc497581a&#8221; parallax_scroll=&#8221;no&#8221; woodmart_sticky_column=&#8221;false&#8221; wd_collapsible_content_switcher=&#8221;no&#8221; wd_column_role_offcanvas_desktop=&#8221;no&#8221; wd_column_role_offcanvas_tablet=&#8221;no&#8221; wd_column_role_offcanvas_tablet_landscape=&#8221;no&#8221; wd_column_role_offcanvas_mobile=&#8221;no&#8221; wd_column_role_content_desktop=&#8221;no&#8221; wd_column_role_content_tablet=&#8221;no&#8221; wd_column_role_content_tablet_landscape=&#8221;no&#8221; wd_column_role_content_mobile=&#8221;no&#8221; mobile_bg_img_hidden=&#8221;no&#8221; tablet_bg_img_hidden=&#8221;no&#8221; woodmart_parallax=&#8221;0&#8243; woodmart_box_shadow=&#8221;no&#8221; responsive_spacing=&#8221;eyJwYXJhbV90eXBlIjoid29vZG1hcnRfcmVzcG9uc2l2ZV9zcGFjaW5nIiwic2VsZWN0b3JfaWQiOiI2MjU2Y2M0OTc1ODFhIiwic2hvcnRjb2RlIjoidmNfY29sdW1uIiwiZGF0YSI6eyJ0YWJsZXQiOnsibWFyZ2luLWJvdHRvbSI6IjIwcHgifSwibW9iaWxlIjp7fX19&#8243; mobile_reset_margin=&#8221;no&#8221; tablet_reset_margin=&#8221;no&#8221; wd_z_index=&#8221;no&#8221;]\t\t\t<link rel=\"stylesheet\" id=\"wd-text-block-css\" href=\"https:\/\/outistore.pro\/wp-content\/themes\/woodmart\/css\/parts\/el-text-block.min.css?ver=7.0.4\" type=\"text\/css\" media=\"all\" \/> \t\t\t\t\t<div id=\"wd-6424bb107f7e7\" class=\"wd-text-block wd-wpb reset-last-child wd-rs-6424bb107f7e7 text-left vc_custom_1680128791030\">\n\t\t\t<h2 class=\"section-title\">DESCRIPTION<\/h2>\n<p>Valise de maintenance PRIMO contenant 145 outils.<br \/>\n\u2022 Int\u00e9rieur du couvercle sup\u00e9rieur: Cutter, Pince multiprise, Tenaille, 3 pinces: universelle, coupante et \u00e0 bec long, Coupe-tout, Lame stylo LED, Doigt magn\u00e9tique.<br \/>\n\u2022 Haut du volet : 3 tournevis fentes + 2 tournevis Pozidriv \u00ae, Porteembouts, Tournevis testeur, Jeu de cl\u00e9s m\u00e2les sph\u00e9riques, Jeu d\u2019outils de frappe \u2013 5 pi\u00e8ces, Coffret tournevis de pr\u00e9cision 30 embouts.<br \/>\n\u2022 Bas du volet: Cl\u00e9 \u00e0 molette 250 mm, Marteau DIN, Scie \u00e0 m\u00e9taux, Pied \u00e0 coulisse.<br \/>\n\u2022 Mousse: Douilles \u00bd : 10 \u2013 32 mm, Accessoires \u00bd : Rallonge, poign\u00e9e coulissante, cardan, Cliquet \u00bd, Douilles \u00bc : 5,5 \u2013 13 mm, Accessoires \u00bc : Rallonges, poign\u00e9e coulissante, cardan, adaptateur, Cliquet \u00bc, Cl\u00e9s mixtes : 8 \u2013 19 mm, Douilles bougies 16 et 21 mm, Coffret d\u2019embouts 31 pi\u00e8ces.<\/p>\n\t\t<\/div>\n\t\t[\/vc_column][vc_column offset=&#8221;vc_col-lg-5&#8243; woodmart_css_id=&#8221;6256c8737ea02&#8243; parallax_scroll=&#8221;no&#8221; woodmart_sticky_column=&#8221;false&#8221; wd_collapsible_content_switcher=&#8221;no&#8221; wd_column_role_offcanvas_desktop=&#8221;no&#8221; wd_column_role_offcanvas_tablet=&#8221;no&#8221; wd_column_role_offcanvas_tablet_landscape=&#8221;no&#8221; wd_column_role_offcanvas_mobile=&#8221;no&#8221; wd_column_role_content_desktop=&#8221;no&#8221; wd_column_role_content_tablet=&#8221;no&#8221; wd_column_role_content_tablet_landscape=&#8221;no&#8221; wd_column_role_content_mobile=&#8221;no&#8221; mobile_bg_img_hidden=&#8221;no&#8221; tablet_bg_img_hidden=&#8221;no&#8221; woodmart_parallax=&#8221;0&#8243; woodmart_box_shadow=&#8221;no&#8221; responsive_spacing=&#8221;eyJwYXJhbV90eXBlIjoid29vZG1hcnRfcmVzcG9uc2l2ZV9zcGFjaW5nIiwic2VsZWN0b3JfaWQiOiI2MjU2Yzg3MzdlYTAyIiwic2hvcnRjb2RlIjoidmNfY29sdW1uIiwiZGF0YSI6eyJ0YWJsZXQiOnt9LCJtb2JpbGUiOnt9fX0=&#8221; mobile_reset_margin=&#8221;no&#8221; tablet_reset_margin=&#8221;no&#8221; wd_z_index=&#8221;no&#8221;]\t\t\t<link rel=\"stylesheet\" id=\"wd-photoswipe-css\" href=\"https:\/\/outistore.pro\/wp-content\/themes\/woodmart\/css\/parts\/lib-photoswipe.min.css?ver=7.0.4\" type=\"text\/css\" media=\"all\" \/> \t\t\t\t\t\t<link rel=\"stylesheet\" id=\"wd-image-gallery-css\" href=\"https:\/\/outistore.pro\/wp-content\/themes\/woodmart\/css\/parts\/el-gallery.min.css?ver=7.0.4\" type=\"text\/css\" media=\"all\" \/> \t\t\t\t\t<div id=\"gallery_260\" class=\"wd-images-gallery wd-rs-6424ba7757ed6 wd-justify-center wd-items-middle view-grid vc_custom_1680128677433 photoswipe-images\" >\n\t\t\t<div class=\"gallery-images row wd-spacing-20\">\n\t\t\t\t\t\t\t\t\t\t\t\t\t\t\t<div class=\"wd-gallery-item col-lg-6 col-md-6 col-sm-6 col-6\">\n\t\t\t\t\t\t\t\t\t\t\t\t\t\t<a href=\"https:\/\/outistore.pro\/wp-content\/uploads\/2022\/06\/8.jpg\" data-elementor-open-lightbox=\"no\" data-index=\"1\" data-width=\"750\" data-height=\"750\"  >\n\t\t\t\t\t\t\t\t\n\t\t\t\t\t\t\t\t\t\t\t\t\t\t\t\t\t<img width=\"750\" height=\"750\" src=\"https:\/\/outistore.pro\/wp-content\/uploads\/2022\/06\/8.jpg\" class=\"wd-gallery-image image-1 attachment-full\" alt=\"\" decoding=\"async\" loading=\"lazy\" title=\"8\" srcset=\"https:\/\/outistore.pro\/wp-content\/uploads\/2022\/06\/8.jpg 750w, https:\/\/outistore.pro\/wp-content\/uploads\/2022\/06\/8-300x300.jpg 300w, https:\/\/outistore.pro\/wp-content\/uploads\/2022\/06\/8-150x150.jpg 150w, https:\/\/outistore.pro\/wp-content\/uploads\/2022\/06\/8-600x600.jpg 600w\" sizes=\"(max-width: 750px) 100vw, 750px\" \/>\t\t\t\t\t\t\t\t\n\n\t\t\t\t\t\t\t\t\t\t\t\t\t\t\t<\/a>\n\t\t\t\t\t\t\t\t\t\t\t\t<\/div>\n\t\t\t\t\t\t\t\t\t\t\t<div class=\"wd-gallery-item col-lg-6 col-md-6 col-sm-6 col-6\">\n\t\t\t\t\t\t\t\t\t\t\t\t\t\t<a href=\"https:\/\/outistore.pro\/wp-content\/uploads\/2022\/06\/7.jpg\" data-elementor-open-lightbox=\"no\" data-index=\"2\" data-width=\"750\" data-height=\"750\"  >\n\t\t\t\t\t\t\t\t\n\t\t\t\t\t\t\t\t\t\t\t\t\t\t\t\t\t<img width=\"750\" height=\"750\" src=\"https:\/\/outistore.pro\/wp-content\/uploads\/2022\/06\/7.jpg\" class=\"wd-gallery-image image-2 attachment-full\" alt=\"\" decoding=\"async\" loading=\"lazy\" title=\"7\" srcset=\"https:\/\/outistore.pro\/wp-content\/uploads\/2022\/06\/7.jpg 750w, https:\/\/outistore.pro\/wp-content\/uploads\/2022\/06\/7-300x300.jpg 300w, https:\/\/outistore.pro\/wp-content\/uploads\/2022\/06\/7-150x150.jpg 150w, https:\/\/outistore.pro\/wp-content\/uploads\/2022\/06\/7-600x600.jpg 600w\" sizes=\"(max-width: 750px) 100vw, 750px\" \/>\t\t\t\t\t\t\t\t\n\n\t\t\t\t\t\t\t\t\t\t\t\t\t\t\t<\/a>\n\t\t\t\t\t\t\t\t\t\t\t\t<\/div>\n\t\t\t\t\t\t\t\t\t\t\t<div class=\"wd-gallery-item col-lg-6 col-md-6 col-sm-6 col-6\">\n\t\t\t\t\t\t\t\t\t\t\t\t\t\t<a href=\"https:\/\/outistore.pro\/wp-content\/uploads\/2022\/06\/6.jpg\" data-elementor-open-lightbox=\"no\" data-index=\"3\" data-width=\"750\" data-height=\"750\"  >\n\t\t\t\t\t\t\t\t\n\t\t\t\t\t\t\t\t\t\t\t\t\t\t\t\t\t<img width=\"750\" height=\"750\" src=\"https:\/\/outistore.pro\/wp-content\/uploads\/2022\/06\/6.jpg\" class=\"wd-gallery-image image-3 attachment-full\" alt=\"\" decoding=\"async\" loading=\"lazy\" title=\"6\" srcset=\"https:\/\/outistore.pro\/wp-content\/uploads\/2022\/06\/6.jpg 750w, https:\/\/outistore.pro\/wp-content\/uploads\/2022\/06\/6-300x300.jpg 300w, https:\/\/outistore.pro\/wp-content\/uploads\/2022\/06\/6-150x150.jpg 150w, https:\/\/outistore.pro\/wp-content\/uploads\/2022\/06\/6-600x600.jpg 600w\" sizes=\"(max-width: 750px) 100vw, 750px\" \/>\t\t\t\t\t\t\t\t\n\n\t\t\t\t\t\t\t\t\t\t\t\t\t\t\t<\/a>\n\t\t\t\t\t\t\t\t\t\t\t\t<\/div>\n\t\t\t\t\t\t\t\t\t\t\t\t<\/div>\n\t\t<\/div>\n\t\t\t\t\t\t<div id=\"wd-6424baa899c9b\" class=\"wd-text-block wd-wpb reset-last-child wd-rs-6424baa899c9b text-left vc_custom_1680128709779\">\n\t\t\t<div class=\"toggle-wrap-title\">\n<h2 class=\"section-title\">CARACT\u00c9RISTIQUES<\/h2>\n<\/div>\n<table>\n<tbody>\n<tr>\n<td class=\"attribut\">Pr\u00e9sentation<\/td>\n<td class=\"value\">Mallette<\/td>\n<\/tr>\n<tr>\n<td class=\"attribut\">Type<\/td>\n<td class=\"value\">Maintenance<\/td>\n<\/tr>\n<tr>\n<td class=\"attribut\">Nombre d&#8217;outils<\/td>\n<td class=\"value\">145<\/td>\n<\/tr>\n<\/tbody>\n<\/table>\n\t\t<\/div>\n\t\t[\/vc_column][\/vc_row]<\/p>\n<\/section>","protected":false},"excerpt":{"rendered":"<p>[vc_row css=&#8221;.vc_custom_1649854670297{margin-bottom: 60px !important;}&#8221; woodmart_css_id=&#8221;6256c8c7625ae&#8221; responsive_spacing=&#8221;eyJwYXJhbV90eXBlIjoid29vZG1hcnRfcmVzcG9uc2l2ZV9zcGFjaW5nIiwic2VsZWN0b3JfaWQiOiI2MjU2YzhjNzYyNWFlIiwic2hvcnRjb2RlIjoidmNfcm93IiwiZGF0YSI6eyJ0YWJsZXQiOnsibWFyZ2luLWJvdHRvbSI6IjQwIn0sIm1vYmlsZSI6e319fQ==&#8221; mobile_bg_img_hidden=&#8221;no&#8221; tablet_bg_img_hidden=&#8221;no&#8221; woodmart_parallax=&#8221;0&#8243; woodmart_gradient_switch=&#8221;no&#8221; woodmart_box_shadow=&#8221;no&#8221; wd_z_index=&#8221;no&#8221; woodmart_disable_overflow=&#8221;0&#8243; row_reverse_mobile=&#8221;0&#8243; row_reverse_tablet=&#8221;0&#8243;][vc_column offset=&#8221;vc_col-lg-7&#8243; woodmart_css_id=&#8221;6256cc497581a&#8221; parallax_scroll=&#8221;no&#8221; woodmart_sticky_column=&#8221;false&#8221; wd_collapsible_content_switcher=&#8221;no&#8221;<\/p>\n","protected":false},"featured_media":7089,"comment_status":"open","ping_status":"closed","template":"","meta":{"om_disable_all_campaigns":false},"product_cat":[360,358,359],"product_tag":[],"aioseo_notices":[],"_links":{"self":[{"href":"https:\/\/outistore.pro\/index.php?rest_route=\/wp\/v2\/product\/1578"}],"collection":[{"href":"https:\/\/outistore.pro\/index.php?rest_route=\/wp\/v2\/product"}],"about":[{"href":"https:\/\/outistore.pro\/index.php?rest_route=\/wp\/v2\/types\/product"}],"replies":[{"embeddable":true,"href":"https:\/\/outistore.pro\/index.php?rest_route=%2Fwp%2Fv2%2Fcomments&post=1578"}],"wp:featuredmedia":[{"embeddable":true,"href":"https:\/\/outistore.pro\/index.php?rest_route=\/wp\/v2\/media\/7089"}],"wp:attachment":[{"href":"https:\/\/outistore.pro\/index.php?rest_route=%2Fwp%2Fv2%2Fmedia&parent=1578"}],"wp:term":[{"taxonomy":"product_cat","embeddable":true,"href":"https:\/\/outistore.pro\/index.php?rest_route=%2Fwp%2Fv2%2Fproduct_cat&post=1578"},{"taxonomy":"product_tag","embeddable":true,"href":"https:\/\/outistore.pro\/index.php?rest_route=%2Fwp%2Fv2%2Fproduct_tag&post=1578"}],"curies":[{"name":"wp","href":"https:\/\/api.w.org\/{rel}","templated":true}]}}